-16 - 18. Let g = j + 69. What is the highest common divisor of u and g?
7
Suppose 0 = -4*y + i + 49, -4*y = -0*y - 3*i - 51. Let t be (-2)/8 + 243/y. Let u be (0/(-1) + -5)*-2. What is the highest common divisor of u and t?
10
Suppose -s + 1 + 1 = 0. Suppose s*c + 3 = 5*c. What is the greatest common divisor of c and 2?
1
Let c(u) = 8*u**3 - 2*u**2 + u + 2. Let n be c(2). Calculate the greatest common divisor of 15 and n.
15
Let t = 10 + -6. Suppose -5*f + 995 = -2*f - 2*r, 5*f - t*r - 1659 = 0. Suppose -164 = -5*n + f. What is the highest common factor of n and 11?
11
Suppose c = -t + 39, t = -4*c - 9 + 48. What is the highest common divisor of 26 and t?
13
Let u be 2/3 - (-7)/3. Suppose -7 = -3*a + 5. Suppose -a*k = -81 - 15. Calculate the greatest common factor of k and u.
3
Let v(c) = -c**2 + 8. Suppose -4*t = -8*t - 4. Let x be 1 + -2 + 0 - t. Let a be v(x). Calculate the greatest common divisor of a and 8.
8
Let o = 64 - -10. Let d = o - -115. What is the highest common factor of d and 21?
21
Let s(z) = z**2 + z + 2. Let p be s(-5). Suppose 2*w - x - 9 = 0, 8 = 2*w - 4*x - 4. Let h be (1 - 0)/(2/w). Calculate the greatest common divisor of h and p.
2
Let q be 1 + (-777)/(-14) + (-1)/(-2). Calculate the greatest common factor of 38 and q.
19
Let f = 54 - 22. Suppose 3*q = -0*i - 3*i + 27, 7 = 3*q - i. Suppose -q*k - 67 + 23 = -4*l, -14 = -l + 2*k. What is the highest common divisor of l and f?
8
Let q(m) = m**2 + 3*m - 8. Let v be q(-12). Let w be -1*(-1)/1*-1. Let y be (w/2)/((-5)/v). Calculate the highest common factor of y and 10.
10
Suppose 4*z + 86 + 42 = 4*y, -2*y + z = -69. What is the greatest common divisor of 148 and y?
37
Suppose -116 = -2*y + 4. Calculate the highest common divisor of y and 12.
12
Let x = 6 - -42. Suppose 4*i - 224 = -3*m, i = 3*i - 4. Calculate the greatest common divisor of m and x.
24
Let p = 42 + -28. Suppose -2*k = 4 - p, u - 5*k + 20 = 0. What is the greatest common divisor of u and 35?
5
Suppose 4*i + 5*d - 37 = i, 0 = -2*i - 2*d + 18. Let n = 12 - 8. Suppose -3*a + n = -2*a. Calculate the greatest common divisor of i and a.
4
Suppose 0 = -7*r + 3*r + 4. Calculate the highest common divisor of 1 and r.
1
Suppose 6*c - 6 = 3*c. Let t be c + (0 - -94) - -3. What is the highest common factor of t and 9?
9
Suppose -13*d + 17*d = 364. Let v(z) = z**3 + 7*z**2 + 5*z + 7. Let y be v(-6). Calculate the greatest common divisor of d and y.
13
Suppose 2*c - 4 = d + 144, c = 2*d + 80. Let w be (9/(-4))/(1/(-4)). What is the greatest common divisor of w and c?
9
Let u = -8 - -4. Let o(p) = -p**3 - 6*p**2 - 5*p + 2. Let h be o(u). Let j be (-24)/h*(12 + -2). What is the greatest common factor of 16 and j?
8
Let i = -63 - -66. Calculate the greatest common factor of i and 2.
1
Suppose -r = 4 + 10. Let s = r + 25. Suppose x - 5 = 6. What is the greatest common factor of s and x?
11
Suppose -4*d + 42 = -14. Suppose -g = 3*a + 2, -2*a - 5*g = -4*a - 24. Let k = d - a. Calculate the greatest common factor of 40 and k.
8
Suppose -130 = 5*h - 10. Let g(j) = -2*j**2 + j - 1. Let z be g(3). Let q = z - h. What is the highest common divisor of 24 and q?
8
Let a(v) be the third derivative of v**4/8 - v**3 - 4*v**2. Let j be a(4). What is the highest common factor of 4 and j?
2
Suppose -5*r + 10 = -0. Suppose -4*m - 2*g + 26 = 0, r*m + 0*g - 28 = 4*g. Let w be (2/4)/(2/48). Calculate the highest common factor of w and m.
4
Suppose -4*t = 4*v - 12, -2*t - 2*v - 2*v + 16 = 0. Let z = 4 + t. Let m = z - -19. What is the greatest common factor of 42 and m?
21
Let w be ((-8)/(-5) + -2)*-285. Suppose -w = -2*p - 22. Calculate the greatest common divisor of p and 23.
23
Suppose d = -d. Let v be (-1 - d)*(-21 + 3). Let q(a) = a - 5. Let y be q(7). Calculate the greatest common divisor of y and v.
2
Let d(i) = i**2 - 6*i + 15. Let a be d(6). Calculate the greatest common divisor of a and 135.
15
Let y(m) = m**2 - 1. Let x(z) = -5*z**3 - 4*z**2 + z + 2. Let s(k) = x(k) + 3*y(k). Let w be s(-2). What is the greatest common factor of w and 3?
3
Let l = -13 - -21. What is the highest common divisor of 8 and l?
8
Suppose -i - 3*r - r + 5 = 0, -4*i + 20 = -3*r. Let h = 1 + i. Suppose -l + 45 = -21. Calculate the greatest common factor of l and h.
6
Let y(m) = 15*m**3 + m**2 + 2*m - 2. Let d be y(1). What is the highest common factor of 1 and d?
1
Suppose 0 = -4*l - 4*j + 140, 6*j - 4*j + 10 = 0. What is the highest common divisor of 5 and l?
5
Let w = 42 - 13. Suppose -j = -2 - 0. Suppose c - j*c = -4*y - w, 4*y + 12 = 0. Calculate the highest common divisor of c and 85.
17
Suppose 4*g - 212 - 124 = 0. What is the highest common divisor of g and 28?
28
Let l = 6 + -4. Suppose 4*y + 0*y - 16 = 0. Calculate the greatest common divisor of y and l.
2
Suppose 0 = 3*d - 3*b - 6, -4*d - 2*b - 1 = -33. Let h(w) = 49*w**2 - 1. Let t be h(1). Calculate the highest common divisor of t and d.
6
Suppose 9 + 1 = p. Calculate the greatest common divisor of p and 190.
10
Let h(u) be the first derivative of u**3 + 3*u**2/2 + 3*u + 3. Let v be h(-2). What is the highest common divisor of 3 and v?
3
Let v(q) = -8*q + 8. Let i be v(-6). Calculate the highest common divisor of 7 and i.
7
Suppose -2*k + 1 = -k. Suppose 3*u - 82 + k = 0. What is the highest common factor of 9 and u?
9
Let r(c) = 8*c**2 + 3*c + 1. Let q be r(-2). Let y be 3*-2*q/(-2). Calculate the greatest common factor of y and 9.
9
Suppose -10*x = -148 - 92. What is the highest common divisor of x and 40?
8
Let u be 4*(-5)/((-10)/12). Let n = -14 - -50. Calculate the highest common divisor of u and n.
12
Let u = 69 - 55. Calculate the highest common factor of 14 and u.
14
Suppose x + 5*h = -8, 4 = -3*x + 3*h + 52. Calculate the highest common factor of 12 and x.
12
Let p be -2 + 355/5 - -3. Calculate the greatest common divisor of p and 9.
9
Suppose -6*r + 153 = -183. Calculate the highest common factor of r and 14.
14
Suppose 16 = -5*q - 4. Let n be q/(-6) + 34/3. Let u(h) = h - 2. Let t be u(5). Calculate the highest common divisor of n and t.
3
Let p(s) = -173*s + 2. Let c be p(4). Let y be (3/6)/((-3)/c). Calculate the highest common divisor of 46 and y.
23
Let y be 126/27 + 2/6. Let l(k) = -k + 7. Let f be l(y). What is the greatest common factor of 1 and f?
1
Let t = -10 + 1. Let p be t/(-27) - 10/3. Let b be 1/((-2)/p)*4. Calculate the highest common divisor of 6 and b.
6
Suppose -q = -2, 2*r - q - q - 2 = 0. Suppose 0 = o - 0*o - r. Suppose -o*s + 34 = 3*i - 2, -i - 3*s = -6. Calculate the greatest common factor of i and 45.
15
Let b be (2/(-5))/((-2)/30). Let h = -14 - -18. What is the highest common factor of h and b?
2
Let k be 9/6*(-30)/(-9). Let z = 37 - k. What is the highest common factor of z and 16?
16
Suppose 0 = -5*h + 4*v + 133, -2*v - 46 = -2*h - 4*v. Let l be 1085/h - (-3)/5. Calculate the highest common factor of 4 and l.
4
Let c(g) = -2*g - 1. Let s be c(-2). Suppose -s*t + 6*t = 30. What is the highest common factor of 10 and t?
10
Let d be (-2 - (-92)/6)*(-9)/(-6). What is the greatest common factor of 4 and d?
4
Let z be 1/2 - (-21)/14. Suppose v - 43 = -z*b, -5*b + 26 - 6 = 0. What is the greatest common divisor of 14 and v?
7
Let w be 1/(2/8 + 0). Suppose -w*i = -4*b + 97 + 3, -4*i + 40 = 3*b. Calculate the greatest common divisor of b and 10.
10
Let j(x) = 17*x**2 - 2*x - 4. Let k(z) = z**2 + 7*z + 9. Let h be k(-6). Let u be j(h). Let r = u + -95. Calculate the highest common divisor of 6 and r.
6
Suppose -a + 47 = -4*g, 0*a + 14 = -g - 2*a. Let p = 21 - -12. Let d = p + g. Calculate the highest common factor of d and 14.
7
Suppose 2*u = 3 + 5. Suppose 24 = -3*n - 6. Let k be 1*(-2 + n)/(-1). Calculate the highest common factor of k and u.
4
Let t(m) = m**2 - 4*m + 2. Let c be t(6). What is the highest common factor of c and 35?
7
Let n be (-2)/3 - (-80)/(-6). Let r = n - -25. Let v = 33 + 0. Calculate the highest common factor of r and v.
11
Suppose -k + 136 = -0*k. Let m(r) be the third derivative of -r**4/8 + r**3/3 + 5*r**2. Let i be m(-5). Calculate the highest common divisor of i and k.
17
Let x(r) = -r**2 - 9*r + 2. Let k be x(-6). What is the greatest common factor of k and 20?
20
Let u be (-40)/(-25)*250/4. What is the greatest common factor of u and 4